{"id":276,"date":"2015-06-22T05:34:12","date_gmt":"2015-06-22T05:34:12","guid":{"rendered":"http:\/\/localhost\/8degree\/medi-lite\/?page_id=2"},"modified":"2018-05-30T14:49:22","modified_gmt":"2018-05-30T14:49:22","slug":"sample-page","status":"publish","type":"page","link":"https:\/\/www.labomed.com.ec\/?page_id=276","title":{"rendered":"Salud Ocupacional"},"content":{"rendered":"<h2><strong>Medicina Ocupacional<\/strong><\/h2>\n<ul>\n<li><em>Programa de Vigilancia de la salud.<\/em><\/li>\n<li><em>Historia Cl\u00ednica Ocupacional.<\/em><\/li>\n<li><em>Consulta especializada para controles m\u00e9dicos:\u00a0<\/em><em>Pre-Ocupacionales \/ Ocupacionales \/ Post-Ocupacionales.<\/em><\/li>\n<li><em>Monitoreo y Vigilancia Epidemiol\u00f3gica<\/em>\n<ul>\n<li><em>Implantaci\u00f3n de Sistemas de Vacunaci\u00f3n<\/em><\/li>\n<li><em>Campa\u00f1as de Vacunaci\u00f3n en las Empresas.<\/em>\n<ul>\n<li><em>Hepatitis A &#8211; B<\/em><\/li>\n<li><em>Influenza (H1N1)<\/em><\/li>\n<li><em>T\u00e9tanos<\/em><\/li>\n<li><em>Fiebre Amarilla<\/em><\/li>\n<li><em>Tifoidea, etc.<\/em><\/li>\n<\/ul>\n<\/li>\n<\/ul>\n<\/li>\n<\/ul>\n<p><!--more--><\/p>\n<h3><strong><em>Ex\u00e1menes complementarios con orientaci\u00f3n al tipo de riesgo<\/em><\/strong><\/h3>\n<ul>\n<li><em>Ex\u00e1menes de Laboratorio Cl\u00ednico <strong>In Company<\/strong>.<\/em><\/li>\n<li><em>Imagen diagn\u00f3stica Digitalizada (CD): Rayos X de t\u00f3rax, columna cervical, dorsal, lumbar y dem\u00e1s Rx.\u00a0<\/em>Rayos X (Digitalizados) con y sin Unidad M\u00f3vil <em>(Realizado por M\u00e9dico Radi\u00f3logo)<\/em><\/li>\n<li><em>Valoraci\u00f3n Oftalmol\u00f3gica (Realizado por M\u00e9dico Oftalm\u00f3logo)<\/em><\/li>\n<li><em>Optometr\u00eda (Realizado por Opt\u00f3metra)<\/em><\/li>\n<li><em>Audiometr\u00eda (Realizado por M\u00e9dico Otorrinolaring\u00f3logo)<\/em><\/li>\n<li><em>Espirometr\u00eda (Realizado por M\u00e9dico Neum\u00f3logo)<\/em><\/li>\n<li><em>Cardiolog\u00eda \/ Electrocardiograma<\/em><\/li>\n<li><em>Y las distintas especialidades requeridas por la empresa.<\/em><\/li>\n<\/ul>\n<h3><strong><em>Servicio de M\u00e9dico Ocupacional<\/em><\/strong><\/h3>\n<ul>\n<li><em>Asesor\u00eda en la implementaci\u00f3n del Dispensario M\u00e9dico de la Empresa.<\/em><\/li>\n<li><em>Servicio de M\u00e9dico Ocupacional para sistemas de gesti\u00f3n, mediante el modelo de Prestaci\u00f3n de Servicios Profesionales por horas con funciones seg\u00fan ACUERDO No. 1404. <\/em><\/li>\n<li><em>Programas<\/em><\/li>\n<\/ul>\n<h3><strong><em>Programas \/ Charlas<\/em><\/strong><\/h3>\n<ul>\n<li><strong><em>Programa de prevenci\u00f3n del VIH\/SIDA.\u00a0<\/em><\/strong><strong><em>Sustento legal: <\/em><\/strong><em>Acuerdo Ministerial 398 VIH\/SIDA.<\/em><\/li>\n<li><strong><em>Programa de prevenci\u00f3n de violencia psicol\u00f3gica.\u00a0<\/em><\/strong><strong><em>Sustento legal:<\/em><\/strong><em> Constituci\u00f3n Pol\u00edtica de la Rep\u00fablica del Ecuador. Art. 331.<\/em><\/li>\n<li><strong><em>Prevenci\u00f3n de Riesgos Salud Reproductiva.\u00a0<\/em><\/strong><strong><em>Sustento legal: <\/em><\/strong><em>Constituci\u00f3n Pol\u00edtica de la Rep\u00fablica del Ecuador. Art. 332. Decisi\u00f3n 584 Instrumento Andino de Seguridad y Salud en el Trabajo. Art 26 y 27.<\/em><\/li>\n<li><strong><em>Programa de prevenci\u00f3n del USO Y CONSUMO DE ALCOHOL, TABACO Y OTRAS DROGAS.\u00a0<\/em><\/strong><strong><em>Sustento legal: <\/em><\/strong><em>Acuerdo-Interinstitucional-No.-1<\/em><\/li>\n<\/ul>\n<h3><strong><em> Laboratorio Cl\u00ednico<\/em><\/strong><\/h3>\n<ul>\n<li>Hematolog\u00eda<\/li>\n<li>Coagulaci\u00f3n<\/li>\n<li>Bioqu\u00edmica<\/li>\n<li>Hormonas<\/li>\n<li>Inmunolog\u00eda<\/li>\n<li>Microbiolog\u00eda<\/li>\n<li>Uroan\u00e1lisis<\/li>\n<li>Parasitolog\u00eda<\/li>\n<li>Toxicolog\u00eda<\/li>\n<li>Pruebas especiales(convenio con laboratorios internacionales)<\/li>\n<\/ul>\n<h3><strong><em>Imagen Diagn\u00f3stica<\/em><\/strong><\/h3>\n<ul>\n<li>Rayos X (Digitalizados). Realizados por M\u00e9dico Radi\u00f3logo con informe.<\/li>\n<li>Ecograf\u00edas \/ 3D-4D.<\/li>\n<\/ul>\n<h3><strong><em>Especialidades M\u00e9dicas<\/em><\/strong><\/h3>\n<ul>\n<li>M\u00e9dico Internista<\/li>\n<li>M\u00e9dico General<\/li>\n<li>Ginec\u00f3logo<\/li>\n<li>Cardi\u00f3logo<\/li>\n<li>Traumat\u00f3logo<\/li>\n<li>Pediatra<\/li>\n<li>Otorrinolaring\u00f3logo<\/li>\n<li>Neum\u00f3logo<\/li>\n<li>Oftalm\u00f3logo<\/li>\n<li>Optometr\u00eda<\/li>\n<li>Odontolog\u00eda<\/li>\n<\/ul>\n","protected":false},"excerpt":{"rendered":"<p>Medicina Ocupacional Programa de Vigilancia de la salud. Historia Cl\u00ednica Ocupacional. Consulta especializada para controles m\u00e9dicos:\u00a0Pre-Ocupacionales \/ Ocupacionales \/ Post-Ocupacionales. Monitoreo y Vigilancia Epidemiol\u00f3gica Implantaci\u00f3n de Sistemas de Vacunaci\u00f3n Campa\u00f1as de Vacunaci\u00f3n en las Empresas. Hepatitis A &#8211; B Influenza (H1N1) T\u00e9tanos Fiebre Amarilla Tifoidea, etc.<\/p>\n","protected":false},"author":1,"featured_media":452,"parent":0,"menu_order":0,"comment_status":"closed","ping_status":"closed","template":"","meta":{"_joinchat":[]},"_links":{"self":[{"href":"https:\/\/www.labomed.com.ec\/index.php?rest_route=\/wp\/v2\/pages\/276"}],"collection":[{"href":"https:\/\/www.labomed.com.ec\/index.php?rest_route=\/wp\/v2\/pages"}],"about":[{"href":"https:\/\/www.labomed.com.ec\/index.php?rest_route=\/wp\/v2\/types\/page"}],"author":[{"embeddable":true,"href":"https:\/\/www.labomed.com.ec\/index.php?rest_route=\/wp\/v2\/users\/1"}],"replies":[{"embeddable":true,"href":"https:\/\/www.labomed.com.ec\/index.php?rest_route=%2Fwp%2Fv2%2Fcomments&post=276"}],"version-history":[{"count":5,"href":"https:\/\/www.labomed.com.ec\/index.php?rest_route=\/wp\/v2\/pages\/276\/revisions"}],"predecessor-version":[{"id":511,"href":"https:\/\/www.labomed.com.ec\/index.php?rest_route=\/wp\/v2\/pages\/276\/revisions\/511"}],"wp:featuredmedia":[{"embeddable":true,"href":"https:\/\/www.labomed.com.ec\/index.php?rest_route=\/wp\/v2\/media\/452"}],"wp:attachment":[{"href":"https:\/\/www.labomed.com.ec\/index.php?rest_route=%2Fwp%2Fv2%2Fmedia&parent=276"}],"curies":[{"name":"wp","href":"https:\/\/api.w.org\/{rel}","templated":true}]}}